[INFO] cloning repository https://github.com/PLeVasseur/kalman-filter-experiments
[INFO] running `Command { std: "git" "-c" "credential.helper=" "-c" "credential.helper=/workspace/cargo-home/bin/git-credential-null" "clone" "--bare" "https://github.com/PLeVasseur/kalman-filter-experiments" "/workspace/cache/git-repos/https%3A%2F%2Fgithub.com%2FPLeVasseur%2Fkalman-filter-experiments", kill_on_drop: false }`
[INFO] [stderr] Cloning into bare repository '/workspace/cache/git-repos/https%3A%2F%2Fgithub.com%2FPLeVasseur%2Fkalman-filter-experiments'...
[INFO] running `Command { std: "git" "rev-parse" "HEAD", kill_on_drop: false }`
[INFO] [stdout] 378298dea4ffd5d142563501857a1cdfc9ca11af
[INFO] checking PLeVasseur/kalman-filter-experiments against master#af3c6e733a40e671550e0f0f5aeecaa13772ba56 for pr-74989
[INFO] running `Command { std: "git" "clone" "/workspace/cache/git-repos/https%3A%2F%2Fgithub.com%2FPLeVasseur%2Fkalman-filter-experiments" "/workspace/builds/worker-9/source", kill_on_drop: false }`
[INFO] [stderr] Cloning into '/workspace/builds/worker-9/source'...
[INFO] [stderr] done.
[INFO] validating manifest of git repo https://github.com/PLeVasseur/kalman-filter-experiments on toolchain af3c6e733a40e671550e0f0f5aeecaa13772ba56
[INFO] running `Command { std: "/workspace/cargo-home/bin/cargo" "+af3c6e733a40e671550e0f0f5aeecaa13772ba56" "read-manifest" "--manifest-path" "Cargo.toml", kill_on_drop: false }`
[INFO] started tweaking git repo https://github.com/PLeVasseur/kalman-filter-experiments
[INFO] removed path dependency rudie from git repo https://github.com/PLeVasseur/kalman-filter-experiments
[INFO] finished tweaking git repo https://github.com/PLeVasseur/kalman-filter-experiments
[INFO] tweaked toml for git repo https://github.com/PLeVasseur/kalman-filter-experiments written to /workspace/builds/worker-9/source/Cargo.toml
[INFO] crate git repo https://github.com/PLeVasseur/kalman-filter-experiments already has a lockfile, it will not be regenerated
[INFO] running `Command { std: "/workspace/cargo-home/bin/cargo" "+af3c6e733a40e671550e0f0f5aeecaa13772ba56" "fetch" "--locked" "--manifest-path" "Cargo.toml", kill_on_drop: false }`
[INFO] [stderr] warning: dependency (rudie) specified without providing a local path, Git repository, or version to use. This will be considered an error in future versions
[INFO] [stderr]     Updating crates.io index
[INFO] [stderr] error: the lock file /workspace/builds/worker-9/source/Cargo.lock needs to be updated but --locked was passed to prevent this
[INFO] [stderr] If you want to try to generate the lock file without accessing the network, use the --offline flag.
[INFO] the lockfile is outdated, regenerating it
[INFO] running `Command { std: "/workspace/cargo-home/bin/cargo" "+af3c6e733a40e671550e0f0f5aeecaa13772ba56" "generate-lockfile" "--manifest-path" "Cargo.toml" "-Zno-index-update", kill_on_drop: false }`
[INFO] running `Command { std: "/workspace/cargo-home/bin/cargo" "+af3c6e733a40e671550e0f0f5aeecaa13772ba56" "fetch" "--locked" "--manifest-path" "Cargo.toml", kill_on_drop: false }`
[INFO] [stderr] warning: dependency (rudie) specified without providing a local path, Git repository, or version to use. This will be considered an error in future versions
[INFO] running `Command { std: "docker" "create" "-v" "/var/lib/crater-agent-workspace/builds/worker-9/target:/opt/rustwide/target:rw,Z" "-v" "/var/lib/crater-agent-workspace/builds/worker-9/source:/opt/rustwide/workdir:ro,Z" "-v" "/var/lib/crater-agent-workspace/cargo-home:/opt/rustwide/cargo-home:ro,Z" "-v" "/var/lib/crater-agent-workspace/rustup-home:/opt/rustwide/rustup-home:ro,Z" "-e" "SOURCE_DIR=/opt/rustwide/workdir" "-e" "CARGO_TARGET_DIR=/opt/rustwide/target" "-e" "CARGO_HOME=/opt/rustwide/cargo-home" "-e" "RUSTUP_HOME=/opt/rustwide/rustup-home" "-w" "/opt/rustwide/workdir" "-m" "1610612736" "--user" "0:0" "--network" "none" "rustops/crates-build-env@sha256:d92eaeed33fa75130ca1ee6c8a01d1ffb62bac859dfdfb3450e3e5d1c0146529" "/opt/rustwide/cargo-home/bin/cargo" "+af3c6e733a40e671550e0f0f5aeecaa13772ba56" "metadata" "--no-deps" "--format-version=1", kill_on_drop: false }`
[INFO] [stdout] 079240f2e1397a1cafd058a67aabedf421164054d861227d933d5a67249a9cc7
[INFO] [stderr] WARNING: Your kernel does not support swap limit capabilities or the cgroup is not mounted. Memory limited without swap.
[INFO] running `Command { std: "docker" "start" "-a" "079240f2e1397a1cafd058a67aabedf421164054d861227d933d5a67249a9cc7", kill_on_drop: false }`
[INFO] running `Command { std: "docker" "inspect" "079240f2e1397a1cafd058a67aabedf421164054d861227d933d5a67249a9cc7", kill_on_drop: false }`
[INFO] running `Command { std: "docker" "rm" "-f" "079240f2e1397a1cafd058a67aabedf421164054d861227d933d5a67249a9cc7", kill_on_drop: false }`
[INFO] [stdout] 079240f2e1397a1cafd058a67aabedf421164054d861227d933d5a67249a9cc7
[INFO] running `Command { std: "docker" "create" "-v" "/var/lib/crater-agent-workspace/builds/worker-9/target:/opt/rustwide/target:rw,Z" "-v" "/var/lib/crater-agent-workspace/builds/worker-9/source:/opt/rustwide/workdir:ro,Z" "-v" "/var/lib/crater-agent-workspace/cargo-home:/opt/rustwide/cargo-home:ro,Z" "-v" "/var/lib/crater-agent-workspace/rustup-home:/opt/rustwide/rustup-home:ro,Z" "-e" "SOURCE_DIR=/opt/rustwide/workdir" "-e" "CARGO_TARGET_DIR=/opt/rustwide/target" "-e" "CARGO_INCREMENTAL=0" "-e" "RUST_BACKTRACE=full" "-e" "RUSTFLAGS=--cap-lints=forbid" "-e" "CARGO_HOME=/opt/rustwide/cargo-home" "-e" "RUSTUP_HOME=/opt/rustwide/rustup-home" "-w" "/opt/rustwide/workdir" "-m" "1610612736" "--user" "0:0" "--network" "none" "rustops/crates-build-env@sha256:d92eaeed33fa75130ca1ee6c8a01d1ffb62bac859dfdfb3450e3e5d1c0146529" "/opt/rustwide/cargo-home/bin/cargo" "+af3c6e733a40e671550e0f0f5aeecaa13772ba56" "check" "--frozen" "--all" "--all-targets" "--message-format=json", kill_on_drop: false }`
[INFO] [stdout] 50a8c13ea6944fff2bf594835fe0839680645c835615c938c51885faa50c8524
[INFO] [stderr] WARNING: Your kernel does not support swap limit capabilities or the cgroup is not mounted. Memory limited without swap.
[INFO] running `Command { std: "docker" "start" "-a" "50a8c13ea6944fff2bf594835fe0839680645c835615c938c51885faa50c8524", kill_on_drop: false }`
[INFO] [stderr] warning: dependency (rudie) specified without providing a local path, Git repository, or version to use. This will be considered an error in future versions
[INFO] [stderr]     Checking rand_core v0.4.2
[INFO] [stderr]    Compiling num-complex v0.2.4
[INFO] [stderr]     Checking approx v0.3.2
[INFO] [stderr]     Checking generic-array v0.11.1
[INFO] [stderr]     Checking rand_core v0.3.1
[INFO] [stderr]     Checking rand v0.5.6
[INFO] [stderr]     Checking alga v0.7.2
[INFO] [stderr]     Checking nalgebra v0.16.14
[INFO] [stderr]     Checking rudie v0.1.1
[INFO] [stderr]     Checking kalman-filtering-experiments v0.1.0 (/opt/rustwide/workdir)
[INFO] [stdout] error[E0277]: the trait bound `UTerm: DimName` is not satisfied
[INFO] [stdout]    --> src/main.rs:8:13
[INFO] [stdout]     |
[INFO] [stdout] 8   |     let kf: KalmanFilter<f32, U6, U3, U0> = KalmanFilter::init();
[INFO] [stdout]     |             ^^^^^^^^^^^^^^^^^^^^^^^^^^^^^ the trait `DimName` is not implemented for `UTerm`
[INFO] [stdout]     | 
[INFO] [stdout]    ::: /opt/rustwide/cargo-home/registry/src/github.com-1ecc6299db9ec823/rudie-0.1.1/src/lib.rs:291:13
[INFO] [stdout]     |
[INFO] [stdout] 291 |         CP: DimName,
[INFO] [stdout]     |             ------- required by this bound in `KalmanFilter`
[INFO] [stdout] 
[INFO] [stdout] 
[INFO] [stdout] error[E0277]: the trait bound `UTerm: DimName` is not satisfied
[INFO] [stdout]  --> src/main.rs:8:45
[INFO] [stdout]   |
[INFO] [stdout] 8 |     let kf: KalmanFilter<f32, U6, U3, U0> = KalmanFilter::init();
[INFO] [stdout]   |                                             ^^^^^^^^^^^^^^^^^^ the trait `DimName` is not implemented for `UTerm`
[INFO] [stdout]   |
[INFO] [stdout]   = note: required by `KalmanFilter::<N, DP, MP, CP>::init`
[INFO] [stdout] 
[INFO] [stdout] 
[INFO] [stdout] error[E0277]: the trait bound `UTerm: DimName` is not satisfied
[INFO] [stdout]    --> src/main.rs:10:5
[INFO] [stdout]     |
[INFO] [stdout] 10  |     println!("{:?}", kf);
[INFO] [stdout]     |     ^^^^^^^^^^^^^^^^^^^^^ the trait `DimName` is not implemented for `UTerm`
[INFO] [stdout]     | 
[INFO] [stdout]    ::: /opt/rustwide/cargo-home/registry/src/github.com-1ecc6299db9ec823/rudie-0.1.1/src/lib.rs:291:13
[INFO] [stdout]     |
[INFO] [stdout] 291 |         CP: DimName,
[INFO] [stdout]     |             ------- required by this bound in `KalmanFilter`
[INFO] [stdout]     |
[INFO] [stdout]     = note: this error originates in a macro (in Nightly builds, run with -Z macro-backtrace for more info)
[INFO] [stdout] 
[INFO] [stdout] 
[INFO] [stdout] error[E0277]: the trait bound `UTerm: DimName` is not satisfied
[INFO] [stdout]   --> src/main.rs:10:22
[INFO] [stdout]    |
[INFO] [stdout] 10 |     println!("{:?}", kf);
[INFO] [stdout]    |                      ^^ the trait `DimName` is not implemented for `UTerm`
[INFO] [stdout]    |
[INFO] [stdout]    = note: required because of the requirements on the impl of `Debug` for `KalmanFilter<f32, UInt<UInt<UInt<UTerm, B1>, B1>, B0>, UInt<UInt<UTerm, B1>, B1>, UTerm>`
[INFO] [stdout]    = note: required by `std::fmt::Debug::fmt`
[INFO] [stdout]    = note: this error originates in a macro (in Nightly builds, run with -Z macro-backtrace for more info)
[INFO] [stdout] 
[INFO] [stdout] 
[INFO] [stdout] error[E0277]: the trait bound `UTerm: DimName` is not satisfied
[INFO] [stdout]    --> src/main.rs:8:13
[INFO] [stdout]     |
[INFO] [stdout] 8   |     let kf: KalmanFilter<f32, U6, U3, U0> = KalmanFilter::init();
[INFO] [stdout]     |             ^^^^^^^^^^^^^^^^^^^^^^^^^^^^^ the trait `DimName` is not implemented for `UTerm`
[INFO] [stdout]     | 
[INFO] [stdout]    ::: /opt/rustwide/cargo-home/registry/src/github.com-1ecc6299db9ec823/rudie-0.1.1/src/lib.rs:291:13
[INFO] [stdout]     |
[INFO] [stdout] 291 |         CP: DimName,
[INFO] [stdout]     |             ------- required by this bound in `KalmanFilter`
[INFO] [stdout] 
[INFO] [stdout] 
[INFO] [stdout] error: aborting due to 4 previous errors
[INFO] [stdout] 
[INFO] [stdout] 
[INFO] [stdout] For more information about this error, try `rustc --explain E0277`.
[INFO] [stdout] 
[INFO] [stdout] error[E0277]: the trait bound `UTerm: DimName` is not satisfied
[INFO] [stdout]  --> src/main.rs:8:45
[INFO] [stdout]   |
[INFO] [stdout] 8 |     let kf: KalmanFilter<f32, U6, U3, U0> = KalmanFilter::init();
[INFO] [stdout]   |                                             ^^^^^^^^^^^^^^^^^^ the trait `DimName` is not implemented for `UTerm`
[INFO] [stdout]   |
[INFO] [stdout]   = note: required by `KalmanFilter::<N, DP, MP, CP>::init`
[INFO] [stdout] 
[INFO] [stdout] 
[INFO] [stdout] error[E0277]: the trait bound `UTerm: DimName` is not satisfied
[INFO] [stdout]    --> src/main.rs:10:5
[INFO] [stdout]     |
[INFO] [stdout] 10  |     println!("{:?}", kf);
[INFO] [stdout]     |     ^^^^^^^^^^^^^^^^^^^^^ the trait `DimName` is not implemented for `UTerm`
[INFO] [stdout]     | 
[INFO] [stdout]    ::: /opt/rustwide/cargo-home/registry/src/github.com-1ecc6299db9ec823/rudie-0.1.1/src/lib.rs:291:13
[INFO] [stdout]     |
[INFO] [stdout] 291 |         CP: DimName,
[INFO] [stdout]     |             ------- required by this bound in `KalmanFilter`
[INFO] [stdout]     |
[INFO] [stdout]     = note: this error originates in a macro (in Nightly builds, run with -Z macro-backtrace for more info)
[INFO] [stdout] 
[INFO] [stdout] 
[INFO] [stderr] error: could not compile `kalman-filtering-experiments`.
[INFO] [stderr] 
[INFO] [stderr] To learn more, run the command again with --verbose.
[INFO] [stderr] warning: build failed, waiting for other jobs to finish...
[INFO] [stdout] error[E0277]: the trait bound `UTerm: DimName` is not satisfied
[INFO] [stdout]   --> src/main.rs:10:22
[INFO] [stdout]    |
[INFO] [stdout] 10 |     println!("{:?}", kf);
[INFO] [stdout]    |                      ^^ the trait `DimName` is not implemented for `UTerm`
[INFO] [stdout]    |
[INFO] [stdout]    = note: required because of the requirements on the impl of `Debug` for `KalmanFilter<f32, UInt<UInt<UInt<UTerm, B1>, B1>, B0>, UInt<UInt<UTerm, B1>, B1>, UTerm>`
[INFO] [stdout]    = note: required by `std::fmt::Debug::fmt`
[INFO] [stdout]    = note: this error originates in a macro (in Nightly builds, run with -Z macro-backtrace for more info)
[INFO] [stdout] 
[INFO] [stdout] 
[INFO] [stdout] error: aborting due to 4 previous errors
[INFO] [stdout] 
[INFO] [stdout] 
[INFO] [stdout] For more information about this error, try `rustc --explain E0277`.
[INFO] [stdout] 
[INFO] [stderr] error: build failed
[INFO] running `Command { std: "docker" "inspect" "50a8c13ea6944fff2bf594835fe0839680645c835615c938c51885faa50c8524", kill_on_drop: false }`
[INFO] running `Command { std: "docker" "rm" "-f" "50a8c13ea6944fff2bf594835fe0839680645c835615c938c51885faa50c8524", kill_on_drop: false }`
[INFO] [stdout] 50a8c13ea6944fff2bf594835fe0839680645c835615c938c51885faa50c8524
